 -43.
-35
Evaluate -3 + (55 - -48) - 108.
-8
Calculate 0 + -32 + 35 + -14 - -67.
56
Evaluate 2 + (47 - ((-26 - -19) + 7) - (2 + 4)).
43
Evaluate -9 + (-167 - -150 - (1 + -53) - 16).
10
What is the value of (10 + -21 - 0) + 11 + (-28 - -49)?
21
(9 - 5) + -43 + (-34 - -15)
-58
What is (11 - (-9 - (-5 - 17))) + (-14 - -20) - -56?
60
(-18 - -57) + 23 + -65
-3
What is the value of -10 - (1 + (-4 - 15)) - (-1 - 28)?
37
What is the value of -11 - (-79 - (18 + 0 + (-15 - 0)))?
71
What is 105 + 92 + -53 + -214?
-70
15 - (-2 + (10 - -3)) - -7 - -6
17
What is the value of -9 + (-41 - 24) + 5 + -9 - -15?
-63
What is the value of -5 + 11 + 61 + -21 - 5?
41
Evaluate 95 + (-157 - -64) + 49.
51
What is the value of -12 + 13 + 42 + 22 + -29?
36
What is (8 - 0) + (4 - 30 - -10) + (-3 - -1)?
-10
Evaluate -89 + 175 - 31 - 5.
50
Evaluate 1 - 73 - (-13 + (10 - 0) + -2 + 4).
-71
What is (3 - -11) + 4 + (-26 - -23) + 4?
19
What is 64 + -53 + 0 + 5 + -23?
-7
What is the value of (-145 - (-68 + -18)) + 23?
-36
Evaluate 28 + (-4 - (6 + -28 + 14)).
32
58 + (-16 - (35 - -62))
-55
Evaluate -149 + 154 + -17 + (-3 - -3) - -53.
41
What is 0 + -11 - (-12 + -3 - (23 + -25 + -4))?
-2
What is the value of -40 - (-3 + (-14 - -8 - -15) - 7)?
-39
Evaluate (-1 - 10) + (12 - -14) + 9.
24
-5 + 3 - -15 - -3 - (391 + -220)
-155
What is the value of -1 + 9 - ((20 - -7) + -92)?
73
What is the value of 10 + 26 + (-37 - -28)?
27
What is 46 + (40 - 10 - 51)?
25
Calculate 35 - (10 - (-6 + -8) - 7 - 27).
45
Evaluate (-832 - -849) + (-2 - -1) + 4.
20
-71 + 89 + 22 + -7
33
What is the value of -297 - -350 - (-2 + -1 + 0 + 1 + -2)?
57
47 + (-1 + -8 - (-13 + 1 + (20 - 20)))
50
Calculate -2 + 50 + (-22 - -39) + -9 + 7.
63
What is the value of -1 + -4 + ((0 - 21) + 26 - -9)?
9
7 - (-18 + -40 + 25)
40
Calculate 104 + -90 + (-5 - (-2 - (44 + 5))).
60
46 - 41 - (-2 - (2 + 0 + -1)) - -40
48
-5 + 63 - (-4 + 1) - 8 - 8
45
Calculate (37 - (-15 + 49)) + (-4 - (-16 - -1)).
14
What is -13 + 4 + -13 + 6 + (0 - -5) - -59?
48
What is -16 + 13 + (-9 - -59 - -6) + -21?
32
Evaluate (-180 + -95 - -349) + (1 + 1 - -13).
89
What is -27 - (-243 - -192 - (4 + -3))?
25
Evaluate (1 - 23) + (35 + -44 - -65).
34
Evaluate -18 - (4 + 1 - (43 + -25 + -8)).
-13
Calculate -2 - -41 - (-58 + (41 - -19)).
37
Evaluate 461 + -465 + -1 + (2 - -5) - -29.
31
What is 17 - (-2 + 2) - (-191 - (235 + -473))?
-30
Calculate -25 + (22 - 8) - -2 - -8.
-1
What is -530 - -525 - (6 + 104 - 2)?
-113
What is (-19 + 7 + -2 - -11) + 25 + -3?
19
Calculate -2 + 0 - (-34 - -2 - -89 - -42).
-101
(-75 - -105) + -12 - (-43 + 4)
57
What is the value of -85 + 76 + (78 - 96)?
-27
What is the value of 77 + -37 + -34 - (-16 - -2)?
20
Calculate (-4 + -16 - -5 - 2) + (-13 - -15).
-15
What is the value of 45 - -3 - (414 - 345)?
-21
What is -1325 - -1354 - (-2 - 15)?
46
Evaluate 113 - 118 - (5 - ((-4 - (-26 + 4)) + -4)).
4
Calculate 20 + (0 - 25) + (-257 - -318).
56
Evaluate -50 + (-8 - (11 + -7 + -1) - (-20 + 0)).
-41
Calculate 36 + -38 - ((-209 - -210) + (82 - 0)).
-85
What is the value of (5 - (-2 - 14 - (-7 - (11 - 19)))) + -11?
11
What is 97 - 49 - 37 - (-1 - 24)?
36
What is the value of 6 - 0 - (-4 - (-1 + 3 + -4)) - 70?
-62
What is the value of 42 + 168 + -88 + -116?
6
36 - (-7 + -10 + 29)
24
What is the value of -8 + (0 + -11 + 13 + -31 - -13)?
-24
Evaluate 12 - (46 + -92 - 14).
72
Calculate -23 + 3 - -17 - (-1 + -12) - (-253 + 181).
82
Calculate (-30 - (-7 + -12)) + -6 - -37.
20
What is the value of (-6 - 2) + 22 + (13 - 8 - (-5 + 2))?
22
13 - 23 - (0 - ((14 - 9) + -9))
-14
What is the value of 52 - (37 + 9 - -23)?
-17
Calculate (-92 + 30 - -30) + -2.
-34
What is -523 + 508 + (5 - (0 - -2) - (1 - 5))?
-8
(137 - -84) + -153 - -26
94
Calculate -39 + (-52 - -68) + -12 - (-2 - 0).
-33
Evaluate (-4 - (-8 - -2)) + (11 - 19) - 11.
-17
What is the value of (1 + 11 - -1) + (14 - (4 - 3))?
26
Calculate (-9 - (-4 + -5)) + 104 + 2 + 21 + -15.
112
-45 - (81 - (28 + 27 + -6))
-77
What is 36 - 3 - (-488 - -429) - (11 - -2)?
79
What is the value of 9 - (-2 + 0 - (38 + -40 + 0))?
9
Calculate (198 - 249 - (7 + -1 - -10)) + (-1 - -1).
-67
-6 - (-5 - 0 - (36 + (-31 - (-8 + -29))))
41
1 + 16 - (-265 + 352)
-70
Evaluate (-10 - -5 - (-24 + 12 + 20)) + -29.
-42
-145 + 179 - (117 - -33)
-116
(-1 - (0 + -2)) + (13 - (45 + -20))
-11
4 - ((-20 - -24) + (-13 - -1)) - 39
-27
Calculate (44 - 9 - 26) + -12.
-3
-1 + 11 - (-3 - (20 + -22))
11
Calculate -33 + (66 - (-30 - -74)).
-11
Calculate 47 + (-16 - (-29 + 68)).
-8
What is the value of -12 + (57 - 6 - -6 - (-1 - (-6 + 1)))?
41
Calculate -129 - -49 - -27 - 21 - 45.
-119
Evaluate -6 + 24 + (30 - -1) + (-257 - -148).
-60
What is (38 + 14 - -1) + -155?
-102
Evaluate -1 + -9 + 27 + -5 + (-26 - (66 - 19)).
-61
-78 - (-39 + (33 - 16)) - -9
-47
What is the value of (20 + -25 - (4 + 1)) + 120 + -124?
-14
61 + -62 + 13 - (2 + (0 - 4))
14
What is -30 - (-3 - (-30 + 5 + 21))?
-31
What is the value of (-9 - -20 - (-21 + 34)) + 6 + -3 + -136?
-135
What is 23 - ((17 - (28 - 26)) + 15)?
-7
What is -49 + -8 + -10 + 1 + 26?
-40
What is 13 + (-1 - -2) + -42637 + 42636?
13
-93 - -110 - (67 - (3 - -3))
-44
Evaluate 53 + 24 + (-10 + -1 - (-141 - -138)).
69
Evaluate 34 + 0 + (-12 - -9 - -15) + -8.
38
609 + -643 - (-1 + 10)
-43
118 + (-112 - (44 + -149))
111
What is (-23 - -59) + (30 - 21) + -3?
42
What is the value of 3 - (2 - 1) - (-31 - 6) - (-561 + 564)?
36
Calculate -7 - (-95 - (-47 + 9 + 15)).
65
-2 - (6 + -8 + 25 + -28 + -1 + 0)
4
Calculate -4 + (51 + -9 - (-3 + -1)).
42
What is 14 - (16 + (-3 - (-11 + 15)))?
5
Calculate 34 - (0 - 9 - (-69 - -2 - -66)).
42
(44 - (-4 + 6 + -2 + 3)) + (148 - 152)
37
What is 2 + (7 - -3) + (23 - 7) + -6?
22
Evaluate -90 + (1 + -45 - (-165 + 140)).
-109
Evaluate (-23 + 18 - (1 + 56)) + (1 - 6) + 6.
-61
624 + -634 - ((5 - 11) + -11)
7
What is (708 - 675) + (-1 - 22)?
10
-36 - (16 + (-37 - (2 - 6)) - -34)
-53
Evaluate -1581 + 1583 + 2 + -6.
-2
Calculate -6 - 1 - (1 + (27 - 38)) - 13.
-10
What is the value of (-308 - -167) + 95 + 0 + -5?
-51
16 - 0 - (-150 + 169) - -14
11
Calculate 85 + 1 + (274 - 293) + -6.
61
Evaluate 1 + (-14 - (2 + -6) - (45 - 51)).
-3
What is the value of (-105 - (-2 - 31)) + 172?
100
Evaluate (-30 - (-9 - 10)) + 42 + -5.
26
What is the value of (-3 + -13 + -4 - -34) + (-1 - 101)?
-88
Calculate 23 - (53 + 8) - (-1 + -3 + (15 - 18)).
-31
-89 + 1 + (-827 - -871)
-44
What is -199 + (270 - 132) - (-1 + 8 + -2 + -2)?
-64
What is (-17 - 16) + (12 - (11 - (-2 + -3)))?
-37
What is the value of 33 + 6 + (-17 - -5 - -7)?
34
What is 226 - 97 - (4 - 16 - 5)?
146
Evaluate 16 - 21 - (-5 - 33) - 31.
2
Calculate (1 - -5) + (5 - 27 - (281 - 275)).
-22
Evaluate 21 + (-4 - -26) - (5 - (-7 + (0 - -2))).
33
Evaluate 19 + -60 + (-22 - -5 - -23).
-35
What is the value of 623 + -624 + 2 + (-11 - -1) + 7?
-2
Evaluate -2 + 71 + -7 + -6 + 33 + -33.
56
Evaluate 16 + (-10 + 4 - 8) + (-4 - -1 - -11).
10
What is the value of 4 - (-49 - (0 + -8))?
45
Calculate 814 - 770 - (-1 + 16).
29
What is the value of (0 + 2 - -27 - (101 + -85)) + (1 - -1)?
15
((-19 - (-30 + 9)) + 0 - -1) + (-58 - -2)
-53
Calculate 12 + (10 - (-15 + -2 + 4 + 11) - 0).
24
Evaluate (-2 - -19) + (44 - (-17 - -91)) - -5.
-8
Evaluate 58 + (73 - 35) - 25.
71
166 + (7 - 54) - 56
63
What is the value of 42 - (19 - (-12 + 19 + 6 + -14))?
22
56 + 1 + (-968 - -916)
5
What is the value of (44 - 5) + (3 + 2 - (351 - 336))?
29
What is the value of -6 - (-19 + -28 + 15 + 11)?
15
-1 - (2 + 1 + 12 + -1 + 4)
-19
Calculate 21 + 11 + (23 - 43) - 72.
-60
Evaluate -81 + (44 - (-96 - 39)).
98
Calculate 36 + (0 - 19) + (-1 + -4 - -1).
13
Calculate (-70 - 42) + 74 - (-2 + 1 + 1 - 2).
-36
Evaluate -1 + 0 + 111 - (90 + (-79 - (63 - 50))).
112
What is the value of 12 + -7 - -5 - (19 + -4) - 9?
-14
Calculate -22 - (-11 - (4 - 7)) - 2.
-16
-118 + 43 + (64 + -42 - 26)
-79
What is the value of (-36 - -77) + -28 - (15 + 0) - -40?
38
What is (835 - 843) + 1 + 53 + -3 + 1?
44
Calculate (-2 - (4 + 2)) + -650 + 643.
-15
-1574 + 1592 + 1 + -3 + -51
-35
Calculate -49 + 7 + -15 + 0 + 25.
-32
What is -36 + -2 + 0 + 5 + 43 + -48?
-38
(-9 - (-22 + (9 - -7))) + (97 - 1)
93
Evaluate -30 + -17 + (-10 - -21) + -4.
-40
Evaluate 18 + 10 + (-15 - 21).
-8
-16 + 2 + -5 + 2 + 10600 + -10591 + -66
-74
What is -1 -